ghest common factor of 180 and 69660?
180
What is the greatest common factor of 2064 and 129?
129
What is the greatest common divisor of 950 and 150?
50
Calculate the greatest common factor of 208 and 128.
16
Calculate the highest common divisor of 28 and 70.
14
What is the highest common divisor of 169 and 169?
169
Calculate the greatest common factor of 6724 and 82.
82
Calculate the highest common factor of 403 and 3565.
31
What is the greatest common divisor of 72 and 792?
72
Calculate the greatest common divisor of 38 and 513.
19
Calculate the greatest common factor of 18 and 81.
9
Calculate the greatest common divisor of 768 and 144.
48
What is the highest common factor of 28 and 314?
2
Calculate the greatest common factor of 167 and 1336.
167
What is the highest common divisor of 3751 and 31?
31
Calculate the greatest common factor of 473 and 43.
43
What is the greatest common divisor of 567 and 243?
81
What is the greatest common divisor of 2090 and 770?
110
Calculate the highest common factor of 50 and 60.
10
What is the highest common divisor of 473 and 731?
43
What is the greatest common divisor of 5048 and 24?
8
Calculate the greatest common divisor of 583 and 517.
11
What is the greatest common factor of 165 and 4191?
33
Calculate the greatest common divisor of 134 and 2.
2
Calculate the highest common divisor of 418 and 44.
22
What is the highest common factor of 291 and 120?
3
What is the greatest common divisor of 40 and 710?
10
What is the greatest common factor of 5550 and 150?
150
Calculate the greatest common factor of 29 and 116.
29
What is the highest common divisor of 45 and 9?
9
What is the highest common factor of 29 and 5597?
29
Calculate the highest common factor of 54 and 1323.
27
What is the highest common divisor of 10 and 38?
2
Calculate the highest common factor of 312 and 96.
24
What is the highest common factor of 231 and 99?
33
Calculate the greatest common divisor of 42 and 35854.
14
Calculate the greatest common divisor of 13 and 3627.
13
Calculate the greatest common factor of 1782 and 264.
66
What is the greatest common divisor of 760 and 1640?
40
What is the greatest common factor of 54 and 738?
18
What is the greatest common factor of 43 and 387?
43
What is the greatest common divisor of 19536 and 792?
264
Calculate the greatest common divisor of 363 and 88.
11
What is the greatest common factor of 2337 and 513?
57
Calculate the greatest common divisor of 948 and 869.
79
What is the highest common divisor of 114 and 267?
3
What is the highest common divisor of 6 and 14?
2
Calculate the highest common factor of 6 and 42.
6
Calculate the greatest common factor of 240 and 384.
48
What is the greatest common factor of 12 and 708?
12
What is the highest common divisor of 100 and 80?
20
Calculate the greatest common divisor of 528 and 144.
48
What is the highest common factor of 8 and 304?
8
Calculate the greatest common factor of 59 and 1.
1
What is the highest common factor of 112 and 2640?
16
What is the greatest common factor of 6 and 114?
6
Calculate the highest common divisor of 296 and 8.
8
Calculate the highest common divisor of 1518 and 966.
138
What is the greatest common factor of 228 and 1425?
57
Calculate the highest common divisor of 175 and 889.
7
What is the highest common factor of 377 and 78?
13
What is the highest common factor of 2844 and 60?
12
Calculate the greatest common factor of 66 and 96.
6
What is the greatest common divisor of 48 and 114192?
48
What is the greatest common divisor of 1462 and 306?
34
Calculate the greatest common factor of 34 and 459.
17
Calculate the highest common factor of 242 and 110.
22
What is the highest common factor of 1074 and 6?
6
Calculate the greatest common factor of 32 and 4.
4
Calculate the greatest common divisor of 92 and 28.
4
Calculate the highest common factor of 132 and 176.
44
Calculate the greatest common divisor of 969 and 136.
17
Calculate the greatest common factor of 2655 and 10.
5
What is the highest common factor of 98 and 112?
14
What is the highest common divisor of 596 and 149?
149
What is the highest common factor of 92 and 115?
23
Calculate the highest common divisor of 62 and 1643.
31
Calculate the highest common divisor of 20093 and 142.
71
Calculate the highest common divisor of 13563 and 33.
33
What is the highest common divisor of 351 and 891?
27
Calculate the greatest common divisor of 525 and 21.
21
Calculate the greatest common divisor of 352 and 36.
4
What is the greatest common factor of 702 and 26?
26
What is the greatest common factor of 259 and 296?
37
What is the greatest common factor of 93 and 248?
31
What is the greatest common factor of 9 and 3?
3
What is the highest common factor of 8268 and 117?
39
What is the highest common factor of 248 and 93?
31
Calculate the greatest common divisor of 129 and 344.
43
What is the highest common factor of 14564 and 11?
11
What is the greatest common divisor of 105 and 63?
21
Calculate the greatest common factor of 9879 and 111.
111
What is the greatest common divisor of 129 and 9?
3
What is the greatest common factor of 42 and 1806?
42
What is the highest common factor of 820 and 140?
20
Calculate the highest common factor of 4224 and 44.
44
Calculate the greatest common divisor of 2318 and 38.
38
What is the highest common factor of 102 and 13022?
34
Calculate the greatest common factor of 21 and 1659.
21
What is the greatest common factor of 29 and 899?
29
What is the greatest common divisor of 29318 and 428?
214
What is the greatest common divisor of 189 and 2709?
63
Calculate the greatest common divisor of 7 and 546.
7
Calculate the highest common factor of 2305 and 5.
5
What is the greatest common divisor of 2611 and 8579?
373
Calculate the highest common factor of 16 and 13424.
16
Calculate the highest common factor of 77 and 133.
7
What is the greatest common divisor of 280 and 80?
40
What is the highest common factor of 110 and 4675?
55
Calculate the greatest common factor of 5 and 545.
5
What is the greatest common factor of 88 and 220?
44
Calculate the greatest common factor of 2336 and 730.
146
What is the greatest common divisor of 87 and 2784?
87
Calculate the greatest common divisor of 187 and 319.
11
What is the highest common divisor of 195 and 4615?
65
Calculate the greatest common factor of 1944 and 144.
72
What is the greatest common divisor of 1395 and 7285?
155
What is the greatest common factor of 11 and 66?
11
What is the greatest common divisor of 18 and 558?
18
Calculate the highest common factor of 19 and 7334.
19
What is the greatest common factor of 2264 and 8?
8
Calculate the greatest common factor of 82 and 287.
41
What is the greatest common factor of 1232 and 748?
44
What is the greatest common divisor of 171 and 36?
9
Calculate the greatest common divisor of 620 and 62.
62
What is the greatest common factor of 765 and 135?
45
Calculate the greatest common divisor of 101 and 909.
101
What is the highest common factor of 32 and 384?
32
Calculate the greatest common factor of 30153 and 57.
57
Calculate the highest common divisor of 2136 and 72.
24
Calculate the greatest common divisor of 402 and 6.
6
What is the highest common divisor of 20 and 464?
4
Calculate the greatest common divisor of 177 and 15.
3
What is the greatest common factor of 60 and 16515?
15
Calculate the greatest common divisor of 174 and 11078.
58
What is the highest common divisor of 9875 and 50?
25
Calculate the greatest common divisor of 21 and 399.
21
What is the greatest common divisor of 364 and 260?
52
What is the greatest common divisor of 936 and 42?
6
What is the greatest common divisor of 28 and 16436?
28
Calculate the greatest common divisor of 3 and 856.
1
Calculate the highest common divisor of 1918 and 56.
14
What is the greatest common divisor of 96 and 14080?
32
What is the greatest common factor of 4 and 1028?
4
What is the highest common divisor of 354 and 295?
59
What is the highest common factor of 33 and 187?
11
Calculate the highest common divisor of 5616 and 162.
54
What is the highest common divisor of 7 and 77?
7
What is the highest common factor of 122218 and 106?
106
What is the highest common factor of 42 and 525?
21
What is the highest common